{"id":2,"date":"2008-05-13T10:50:43","date_gmt":"2008-05-13T14:50:43","guid":{"rendered":""},"modified":"2022-03-24T18:13:22","modified_gmt":"2022-03-24T22:13:22","slug":"about","status":"publish","type":"page","link":"https:\/\/blog.richmond.edu\/dsalisbury\/about\/","title":{"rendered":"Student Work"},"content":{"rendered":"<p><img loading=\"lazy\" decoding=\"async\" class=\"alignleft size-medium wp-image-450\" src=\"http:\/\/blog.richmond.edu\/dsalisbury\/files\/2008\/05\/CarolineDoughertyPainedHuniKuinSanJose20140704lite-300x225.jpg\" alt=\"CarolineDoughertyPainedHuniKuinSanJose20140704lite\" width=\"300\" height=\"225\" srcset=\"https:\/\/blog.richmond.edu\/dsalisbury\/files\/2008\/05\/CarolineDoughertyPainedHuniKuinSanJose20140704lite-300x225.jpg 300w, https:\/\/blog.richmond.edu\/dsalisbury\/files\/2008\/05\/CarolineDoughertyPainedHuniKuinSanJose20140704lite-1024x768.jpg 1024w\" sizes=\"auto, (max-width: 300px) 100vw, 300px\" \/>Caroline Dougherty (Geography Major, 2015) receives a traditional face painting from a Huni Kuin in a village in the Alto Purus, Ucayali, Peru.\u00a0 Caroline worked to understand\u00a0their perception of\u00a0the environmental and social impacts of roads.<\/p>\n<p>Student research with Dr. Salisbury has resulted in articles, posters, and class-based research projects.\u00a0 Sophomore George Appling even presented his <a href=\"https:\/\/blog.richmond.edu\/dsalisbury\/files\/2017\/05\/Road-to-Ruin-Win13RichmondAlumniMagazine.pdf\">work on the impact of a proposed road in Peru&#8217;s congress<\/a>.<\/p>\n<p>Melissa Velasco Alarc\u00f3n (Exchange Student 2017), Diego Leal (Interdisciplinary Studies 2015) and Ale Antelo (International Studies 2008) are co-authors on their respective publications in the <a href=\"https:\/\/utpress.utexas.edu\/index.php\/journals\/journal-of-latin-american-geography\">Journal of Latin American Geography<\/a>.<\/p>\n<p>Class based projects and posters are below.<\/p>\n<p><a href=\"http:\/\/blog.richmond.edu\/roadandrail\/\">The Spring 2012 Enviromental Studies Senior Seminar: Socio-Environmental Impacts of Road and Rail<\/a><\/p>\n<p><a href=\"http:\/\/blog.richmond.edu\/dsalisbury\/about\/peruvian-forestry-system\/\" target=\"_blank\" rel=\"noopener\">The Fall 2011 Society, Economy and Nature class&#8217; analysis of the Peruvian Forestry System<\/a><\/p>\n<p><a title=\"Mapping the Gambles Mill Corridor\" href=\"http:\/\/blog.richmond.edu\/dsalisbury\/about\/mapping-the-gambles-mill-corridor\/\">The Fall 2011 Mapping Sustainability class&#8217; analysis and maps of the Gambles Mill Corridor<\/a><\/p>\n<p><a href=\"http:\/\/blog.richmond.edu\/tbpa10\/\" target=\"_blank\" rel=\"noopener\">The Spring 2010 Interdisciplinary Senior Seminar: The Transboundary Environment<\/a><\/p>\n<p><a href=\"http:\/\/www.treehugger.com\/natural-sciences\/american-university-students-help-create-afghanistans-first-list-of-protected-species.html\" target=\"_blank\" rel=\"noopener\">The Spring 2009 and Fall 2009 Society, Economy, and Nature class&#8217; Species Assessment Reports<\/a> for Afghanistan&#8217;s first endangered species list.<\/p>\n<p><strong>Posters presented by or with students <\/strong>(click on title to see)<strong>:<\/strong><\/p>\n<p><strong><a href=\"http:\/\/www.ABSATrichmond.com\">www.absatrichmond.com<\/a><\/strong> has many<\/p>\n<ul>\n<li>Place, M. R., Salisbury, D. S., Reygadas Langarica, Y., Spera, S.A. in collaboration with the Comisi\u00f3n Transfronteriza Juru\u00e1\/Yur\u00faa\/Tamaya (2022). A Transboundary Indigenous Congress, Commission, and Declaration: Forests, Villages, and Climate in the Amazon Borderlands.\u00a0 American Association of Geographers Annual Meeting, Topics in Remote Sensing Virtual Poster Session, Feb. 25 \u2013 March 1, 2022, New York, NY.\u00a0 <strong><a href=\"https:\/\/static1.squarespace.com\/static\/617091577fc0231ca8d7ba5b\/t\/6221641f34565e470aad5c76\/1646355489561\/PlaceABSAT_EtAl2022CongresoTransfronterizoClimaAAG20220302lite.pdf\">Espa\u00f1ol<\/a>, <a href=\"https:\/\/static1.squarespace.com\/static\/617091577fc0231ca8d7ba5b\/t\/622165975525d63983d5f5ee\/1646355865653\/PlaceABSAT_EtAl2022APIWTXACongress_PosterAAG20220225Lite.pdf\">English<\/a><\/strong><\/li>\n<li>Frisbie, A., Spera, S., Salisbury, D. S. (2022). The Potential Effects of Transboundary Road-Building in the Southwestern Amazon Shared by Peru and Brazil. American Association of Geographers Annual Meeting; Virtual; February 25-March 1, 2022. New York, NY. <strong><a href=\"https:\/\/static1.squarespace.com\/static\/617091577fc0231ca8d7ba5b\/t\/622142a6e118dc10a14f1f3e\/1646346921315\/FrisbieEtAl2022PucCruzCarreteraEspanol.pdf\">Espa\u00f1ol<\/a><\/strong>, <strong><a href=\"https:\/\/static1.squarespace.com\/static\/617091577fc0231ca8d7ba5b\/t\/6221442029082470f0aa3d30\/1646347297901\/FrisbieABSATetAl2022PucCruz_AAGenglish.pdf\">English<\/a><\/strong><\/li>\n<li>Demaret, D., Murtaugh, S. Zizzamia, E., Salisbury, D. S., Spera, S. (2022). Tracking and Analysis of Informal Road Expansion in the Amazon Borderlands of Peru and Brazil. American Association of Geographers Annual Meeting; Virtual Poster Session: Land Use, Food Systems, and Agricultural Geography, February 25, 2022, New York, NY.<\/li>\n<li>Collard, E., Herrenkohl, E., Salisbury, D. S., Abizaid, C., Collado-Panduro, L. A., Spera, S. (2022). COVID-19 within Indigenous Communities of the Peruvian Amazon: An Ucayali Case Study. American Association of Geographers Annual Meeting: Hazards, Risks, and Disasters Session Feb 26, 2022, New York, NY.<\/li>\n<li>Anderson, K. M., Spera, S., Salisbury, D. S. (2022).\u00a0 Carbon Sink to Carbon Source: Fires, Deforestation, and Carbon Storage in the Southwestern Amazon. American Association of Geographers Annual Meeting: Hazards, Risks, and Disasters Session Feb 26, 2022, New York, NY.<\/li>\n<li>Beech-Brown, E., Spera, S., Salisbury, D. S., Reygadas Langarica, Y. (2022). Using Planet Data and Google Earth Engine to Automate Mapping of Informal Roads in the Amazon Borderlands. American Association of Geographers Annual Meeting; Virtual Poster Session: Land Use, Food Systems, and Agricultural Geography, February 25, 2022. New York, NY. <a href=\"https:\/\/static1.squarespace.com\/static\/617091577fc0231ca8d7ba5b\/t\/622621eedd034c00ff26c826\/1646666223147\/Beech-BrownABSAT_EtAl2022GEEmapeoCaminosInformalesUcaAc.pdf\"><strong>Espa\u00f1ol<\/strong><\/a>, <a href=\"https:\/\/static1.squarespace.com\/static\/617091577fc0231ca8d7ba5b\/t\/62212998f8215631e1f2d7a1\/1646340505368\/Beech-BrownEtAl2022GEEmappingInformalRoadsAmaznBorderlandsAAGenglish.pdf\"><strong>English<\/strong><\/a><\/li>\n<li>Barnard, L., Salisbury, D. S., Hern\u00e1ndez, H. T., Spera, S. (2022). La Geolocalizaci\u00f3n de las Publicaciones de Facebook y Twitter sobre la Carretera Propuesta entre Pucallpa, Per\u00fa y Rio Branco, Brasil.\u00a0 Preparado para la Conferencia de Geograf\u00eda Latinoamericana (CLAG), University of Arizona, Tucson, AZ, Enero 3-8, 2022. <strong><a href=\"https:\/\/static1.squarespace.com\/static\/617091577fc0231ca8d7ba5b\/t\/6170d3db2edf7c3f6d5d2f98\/1634784229528\/Poster_ABSAT_CarreteraSierraDelDivisorPucallpaCruzeiroDoSulBrasilPeru_AAG20210430Espanol.pdf\">Espa\u00f1ol<\/a><\/strong><\/li>\n<li>Hern\u00e1ndez, H. T., Salisbury, D. S., Barnard, L., Spera, S. (2022). The Geolocation of Social Media Posts about the proposed UC-105\/Interoceanica Centro Road in the Amazon borderlands of Peru. American Association of Geographers Annual Meeting; Virtual; February 25-March 1, 2022. New York, NY.<\/li>\n<li>Hern\u00e1ndez, H. T., Salisbury, D. S., Barnard, L., Spera, S. (2022). La Geolocalizaci\u00f3n de las Publicaciones de Facebook y Twitter sobre la Carretera Propuesta Trocha UC-105.\u00a0 Preparado para la Conferencia de Geograf\u00eda Latinoamericana (CLAG), University of Arizona, Tucson, AZ, Enero 3-8, 2022. <a href=\"https:\/\/www.absatrichmond.com\/mapas\/yurua\"><strong>Espa\u00f1ol<\/strong><\/a><\/li>\n<li>Frisbie, A., Collard, E., Zizzamia, E., Salisbury, D. S., Galati, V., Spera, S. (2021). An\u00e1lisis de los Impactos Socio-Ambientales de dos Rutas de la Carretera Propuesta entre Pucallpa, Per\u00fa y Cruzeiro do Sul, Brasil. Adaptado de un Poster presentado en la Reuni\u00f3n Anual de la Asociaci\u00f3n Americana de Ge\u00f3grafos, Abril 7-11, 2021. Virtual, Seattle, WA, EEUU. <strong><a href=\"https:\/\/scholarship.richmond.edu\/absat_posters\/2\/\">Espa\u00f1ol<\/a>; <\/strong><a href=\"https:\/\/scholarship.richmond.edu\/absat_posters\/5\/\"><strong>Portugu\u00eas<\/strong><\/a><\/li>\n<li>Place, M. R., Zizzamia, E., Salisbury, D. S., Galati, V., Spera, S. (2021). An\u00e1lisis de los Impactos Socio-Ambientales de las Carretera Propuesta Trocha UC-105 entre Nuevo Italia y Puerto Breu, Ucayali, Per\u00fa. Adaptado de un Poster presentado en la Reuni\u00f3n Anual de la Asociaci\u00f3n Americana de Ge\u00f3grafos, Abril 7-11, 2021. Virtual, Seattle, WA, EEUU. <strong><a href=\"https:\/\/scholarship.richmond.edu\/absat_posters\/1\/\">Espa\u00f1ol<\/a>; <a href=\"https:\/\/scholarship.richmond.edu\/absat_posters\/3\/\">Portugu\u00eas<\/a><\/strong><\/li>\n<li>Frisbie, A., Collard, E., Zizzamia, E., Salisbury, D. S., Galati, V., Spera, S. (2021). Analysis of the socio-environmental impacts of the proposed transboundary highway between Pucallpa, Peru and Cruzeiro do Sul, Brazil. American Association of Geographers Annual Meeting, April 7-11, 2021.\u00a0 Virtual, Seattle, WA. <em>This poster won the First Place at the University of Richmond, A&amp;S Student Symposium on April 16, 2021. <\/em><a href=\"https:\/\/scholarship.richmond.edu\/as-student-symposium\/2021\/Program\/6\/\">https:\/\/scholarship.richmond.edu\/as-student-symposium\/2021\/Program\/6\/<\/a><\/li>\n<li>Place, M. R., Zizzamia, E., Salisbury, D. S., Galati, V., Spera, S. (2021). Analysis of the socio-environmental impacts of a proposed highway in the Amazon borderlands of Peru. American Association of Geographers Annual Meeting, April 7-11, 2021. Virtual, Seattle, WA. <a href=\"https:\/\/scholarship.richmond.edu\/as-student-symposium\/2021\/Program\/22\/\">https:\/\/scholarship.richmond.edu\/as-student-symposium\/2021\/Program\/22\/<\/a><\/li>\n<li>Walsh, Griffin &amp; D. S. Salisbury. 2020. Using Cloud Based Geospatial Technology to Facilitate Analysis and Sharing of Transboundary Amazonian Conservation and Development Data. 36th Conference of Latin American Geography January 3, 2020. Antigua, Guatemala.\u00a0<a href=\"http:\/\/Using Cloud Based Geospatial Technology to Facilitate Analysis and Sharing of Transboundary Amazonian Conservation and Development Data\">Walsh2020GTASOdatabasePosterCLAG<\/a><\/li>\n<li>Claire Powell, D. S. Salisbury, and el Grupo Geogr\u00e1fico Transfronterizo del Sud-Occidental de la Amazon\u00eda. 2020. Taller del Grupo Geogr\u00e1fico Transfronterizo de la Amazon\u00eda Sud-Occidental (GTASO) para Mitigar Desaf\u00edos en la Amazon\u00eda Peruana y Brasile\u00f1a. 36th Conference of Latin American Geography January 3, 2020. Antigua, Guatemala.<\/li>\n<li>Peter Braun and David S. Salisbury. 2020. Transboundary Analysis of Indigenous Territories and Protected Natural Areas as Barriers to Deforestation in the Southwestern Amazon. 36th Conference of Latin American Geography January 3, 2020. Antigua, Guatemala.<\/li>\n<li>Cambridge, N. and D. Salisbury. 2019. Building a Transboundary Multi-Criteria Threat Assessment for the Southwestern Amazon (Peru-Brazil). American Geographic Society, Geography 2050: Borders and a Borderless World. November 22, 2019. Columbia University, NYC.<\/li>\n<li>Williams, G. M., Powell, C. V., Salisbury, D.S., Balb\u00edn Ordaya, B., Tipula Tipula, P., y el Grupo Geogr\u00e1fico Transfronterizo de la Amazon\u00eda Sud-Occidental (GTASO). 2019. Taller del Grupo Geogr\u00e1fico Transfronterizo de la Amazon\u00eda Sud-Occidental (GTASO) para Mitigar los Desaf\u00edos Ambientales en la Amazon\u00eda Peruana y Brasile\u00f1a.\u201d 7\/10\/2019.\u00a0 Poster presentation for the Technical Meetings of the Commissions of the PanAmerican Institute of Geography and History, Santo Domingo, Dominican Republic.<\/li>\n<li>Bao, Rong, David S. Salisbury, Timothy Barney, and Justin Madron. 2019. \u201cMapping Green Philanthropy and Sustainable Development: A Case Study of the Ford Foundation, 1960-2004.\u201d 4\/6\/2019. Poster presentation for the American Association of Geographers&#8217; Annual Meeting, Cultural and Political Ecology Specialty Group Poster Session. Washington, DC.<\/li>\n<li>McGee, Rylin A., David S. Salisbury. 2019. \u201cThe State of Fossil Fuel Extraction and Transport in the Russian Arctic.\u201d 4\/4\/2019. Poster presentation for the American Association of Geographers&#8217; Annual Meeting, Climate Change Poster Session. Washington, DC.<\/li>\n<li>Cambridge, Nia S., David S. Salisbury. 2019. \u201cMapping Vulnerability of Island Communities to Climate Change and Globalization: A Case Study of Ragged Island, Bahamas.\u201d 4\/4\/2019. Poster presentation for the American Association of Geographers&#8217; Annual Meeting, Climate Change Poster Session. Washington, DC.<\/li>\n<li>Hubert, M. O., Maldonado Benites, L., Jeong, E., Neuenfeldt, H., Shebell, M., and David S. Salisbury. 2019. \u201cClimate Change Impacts in the Americas: A Student Led Approach to Raise Awareness.\u201d 4\/4\/2019. Poster presentation for the American Association of Geographers&#8217; Annual Meeting, Climate Change Poster Session. Washington, DC.<\/li>\n<li>Szepesy, Alexis, Olivia Folger, Ethan Boroughs, and David S. Salisbury. 2018. &#8220;Riverfront UR: Environmental Stewardship on the James River Floodplain.&#8221; 4\/13\/2018. Poster presentation for the American Association of Geographers&#8217; Annual Meeting, Human Geography: Economic and Education Section. New Orleans, LA<\/li>\n<li>Han, Stella, Salisbury, David S. 2015. \u201cRegional Universities Seek to Reconcile Conservation and Development in a Changing Amazonia: A Case Study from the Peruvian Amazon. 4\/24\/2015. Poster presentation for the Association of American Geographers Annual Meeting, Chicago, IL.<\/li>\n<li>\u00a0L\u00f3pez Silvano, Cristhian, McCarthy, Evan, and David Salisbury. 2015. \u201cSustainable Communities on the Move: A Case Study of a Relocated Ash\u00e1ninka Community in the Amazon Borderlands.\u201d 4\/22\/2015. Presentation for the Association of American Geographers Annual Meeting, Chicago, IL.<\/li>\n<li>Ch\u00e1vez, Andrea B., Han, Stella, D\u00edaz Zu\u00f1iga, Edgar, Salisbury, David S., and Roly Baldoceda Astete. 2015. \u201cCrossing Boundaries for Environmental Capacity Training and International Cooperation in Peru.\u201d Poster presented at the University of Florida Center for Latin American Studies\u2019 64<sup>th<\/sup> Annual Conference \u201cEnvisioning a Sustainable Tropics\u201d, March 25-27, 2015, Gainesville, FL.<\/li>\n<li>Ch\u00e1vez, Andrea B., Han, Stella, Salisbury, David S., D\u00edaz Zu\u00f1iga, Edgar, and Roly Baldoceda Astete. 2014. \u201cConservation Capacity Building Efforts through Amazonian Higher Education in Peru.\u201d Poster presented at the Association of American Geographers Annual Meeting, April 8-12, 2014, Tampa, FL.<\/li>\n<li>Appling, George, and D.S. Salisbury. 2013. \u201cInformaci\u00f3n sobre los Proyectos de la Carretera y Ferrocarril Propuestas desde Pucallpa (Per\u00fa) a Cruzeiro do Sul (Brasil).\u201d\u00a0 Banner presented to communities on the Rio Abujao for the Grupo de Monitoreo de MegaProyectos Ucayali.<\/li>\n<li>Appling, George, and D. S. Salisbury. 2013. Las Carreteras y Ferrovias Propuestas desde Pucallpa (Per\u00fa) a Cruzeiro do Sul (Brasil).\u00a0 Poster created for dissemination to Peru community of concerned environmentalists.<\/li>\n<li>Appling, George, and D. S. Salisbury. 2013. \u201cAnalysis of the Socio-Environmental Impacts of Amazonian Transportation Infrastructure: the Pucallpa-Cruzeiro do Sul Road\/Rail in Peru and Brazil.\u201d Poster presented at the Association of American Geographers Annual Meeting, April 9-13, 2013, Los Angeles, CA.<\/li>\n<li>Appling, George, and D. S. Salisbury. 2012. \u201cAnalysis of the Socio-Environmental Impacts of Amazonian Roads: the Puerto Esperanza to I\u00f1apari Road in Peru.\u201d Poster presented at Southeastern Division of the Association of American Geographers Annual Meeting, November 18-20, 2012, Asheville, NC.\u00a0 Available for download: <a href=\"http:\/\/blog.richmond.edu\/dsalisbury\/maps\/\">http:\/\/blog.richmond.edu\/dsalisbury\/maps\/<\/a> . Also presented at the Congress of the Republic of Peru, September 14, 2012, Lima, Peru.\u00a0 Richmond The Alumni Magazine article describes: <a href=\"\/\/magazine.richmond.edu\/winter13\/feature-3\/road-to-ruin.html\">Road to Ruin<\/a><\/li>\n<li>Sager-Gellerman, G., Strickler, E., Boettner, J., Courtenay, C., Gilb, R., Gordon, W., Leonard, G., Marconi, J., McGovern, M., Nagle, M., Paiz Tejada, C., Pericak, A., Price, M., Vassallo, D., Yowell, R., and Salisbury, D. S. 2012.\u00a0 \u201cA Multi-Scalar Analysis of the Peruvian Forestry System.\u201d Poster presented at the Association of American Geographers Annual Meeting, February 23-28, 2012, New York City, New York.<\/li>\n<li>Boettner, J., Sager-Gellerman, G., Strickler, E., Courtenay, C., Gilb, R., Gordon, W., Leonard, G., Marconi, J., McGovern, M., Nagle, M., Paiz Tejada, C., Pericak, A., Price, M., Vassallo, D., Yowell, R., y\u00a0 Salisbury, D. S. 2012.\u00a0 \u201c<a href=\"http:\/\/blog.richmond.edu\/dsalisbury\/files\/2012\/05\/Boettner-SagerG-StricklerEtAl2012PeruForestryCLAGSpanish.pdf\">Un An\u00e1lisis Multi-escalar del Sistema Forestal Peruano<\/a>.\u201d\u00a0\u00a0 Poster presented at the Conference of Latin Americanist Geographers, January 10-13, 2012, M\u00e9rida, M\u00e9xico<\/li>\n<li>Price, R. M., Billups, K., Bodner, S., Burbank, M., Cohan. E., Elliott, S., Landesberg, C., Leonard, G., Marconi, J., McGovern, M., Petrosino, J., Phadke, A., Phelan, C., Purdy, A., and Salisbury, D. S. 2011. \u201c<a href=\"http:\/\/blog.richmond.edu\/dsalisbury\/files\/2008\/05\/PriceEtAl2011GamblesMillMappingSustainabilityPosterUpdatedLite.pdf\" target=\"_blank\" rel=\"noopener\">The Temporal and Spatial Connectivity of the Gambles Mill Corridor, Richmond, VA<\/a>.\u201d Poster presented at the South Eastern Division of the Association of American Geographers, November 20-22, 2011, Savannah, GA.<\/li>\n<li>Goldin, A., Nu\u00f1ez, Y., Salisbury, D. S., \u00c1guila Soria, J., Espinosa Linares, R., Pinedo Ram\u00edrez, E., Rosero Flores, L., Nu\u00f1ez S\u00e1nchez, M., Cavero Oroche, G., Vela Alvarado, J. W.,\u00a0 Barreto V\u00e1squez, O., Almeida Villanueva, G., P\u00e9rez Alv\u00e1n, C. 2011. \u201c<a href=\"http:\/\/blog.richmond.edu\/dsalisbury\/files\/2008\/05\/NunezGoldinAmazonPosterDSS2011_6_27espa\u00f1olLite.pdf\" target=\"_blank\" rel=\"noopener\">Gesti\u00f3n Invisible: Manejo de Recursos Naturales en dos Comunidades Ind\u00edgenas Peruanas<\/a>.\u201d Translated poster presented to the Universidad Nacional de Ucayali and participating communities, Pucallpa, Per\u00fa<\/li>\n<li>Goldin, A., Nu\u00f1ez, Y., Salisbury, D. S., \u00c1guila Soria, J., Espinosa Linares, R., Pinedo Ram\u00edrez, E., Rosero Flores, L., Nu\u00f1ez S\u00e1nchez, M., Cavero Oroche, G., Vela Alvarado, J. W.,\u00a0 Barreto V\u00e1squez, O., Almeida Villanueva, G., P\u00e9rez Alv\u00e1n, C. 2011. \u201c<a href=\"http:\/\/blog.richmond.edu\/dsalisbury\/files\/2008\/05\/NunezGoldinAmazonPosterDSS2011_6_27Lite.pdf\" target=\"_blank\" rel=\"noopener\">Invisible Occupation: Indigenous Natural Resource Management in the Peruvian Amazon<\/a>.\u201d Poster presented at the University of Richmond Research Symposium, April 2010, Richmond, VA.<\/li>\n<li>Weinstein, B., D. S. Salisbury, K. Klinker, and University of Richmond Spatial Analysis Lab. 2010. <a title=\"An analysis of the conservation importance of Amazon borderlands using Geographic Information Systems\" href=\"http:\/\/blog.richmond.edu\/dsalisbury\/files\/2010\/05\/weinsteinetal2010amazondiversityborderlandsaage.pdf\">An analysis of the conservation importance of Amazon borderlands using Geographic Information Systems<\/a>. Poster presented at: Association of American Geographers Annual Meeting, 14-19 April, 2010, Washington, DC.<\/li>\n<li>Salisbury, D. S., J. W. Vela Alvarado, and C. R. Franko. 2010. <a title=\"The changing contexts and transboundary dynamics of reconciling conservation and development in the Amazon borderlands\" href=\"http:\/\/blog.richmond.edu\/dsalisbury\/files\/2010\/05\/salisburyetal2010changingcontextstransboundarydynamicsofconservationdevelopmentinamazonborderlandsposter.pdf\">The changing contexts and transboundary dynamics of reconciling conservation and development in the Amazon borderlands<\/a>. Poster presented at: Bridging conservation and development in Latin America and Africa: changing contexts, changing strategies, 59th Annual Center for Latin American Studies Conference, University of Florida, 28-30 January, 2010, Gainesville, FL.<\/li>\n<li>West, L. A., D. S. Salisbury, A. I. Rios-Sanchez, and J. W. Vela Alvarado. 2010. <a title=\"the social and economic context of biodiversity conservation\" href=\"http:\/\/blog.richmond.edu\/dsalisbury\/files\/2010\/05\/westetal2010homegardensposterb.pdf\">Gender and species use in Amazonian home gardens: the social and economic context of biodiversity conservation<\/a>. Poster presented at: Bridging conservation and development in Latin America and Africa:\u00a0 changing contexts, changing strategies, 59th Annual Center for Latin\u00a0 American Studies Conference, University of Florida, 28-30 January, 2010, Gainesville, FL.<\/li>\n<li>Foss, L. 2009. <a title=\"Cartography and power in new Spain\" href=\"http:\/\/blog.richmond.edu\/dsalisbury\/files\/2010\/05\/fosslindsey2009cartographypowerinnewspainb.pdf\">Cartography and power in new Spain<\/a><em>. <\/em>Poster presented at: 24th Annual Student Research Symposium, University of Richmond, 17 April, 2009, Richmond, VA.<\/li>\n<li>Hazera, F. M., and D. S. Salisbury. 2008. <a title=\"A qualitative analysis of unofficial road expansion in the Peruvian Amazon\" href=\"http:\/\/blog.richmond.edu\/dsalisbury\/files\/2010\/05\/hazerasalisbury2008unofficialroadexpansionyuruaposterfinal.pdf\">A qualitative analysis of unofficial road expansion in the Peruvian Amazon<\/a>. Poster presented at: Annual Meeting of the Association of American Geographers, 15-19 April, 2008, Boston, MA.<\/li>\n<\/ul>\n<p><a href=\"http:\/\/blog.richmond.edu\/dsalisbury\/files\/2008\/05\/Ernesto-y-Laura_laura_14-7SantaRositaLite.jpg\"><img loading=\"lazy\" decoding=\"async\" class=\"alignleft size-medium wp-image-134\" src=\"http:\/\/blog.richmond.edu\/dsalisbury\/files\/2008\/05\/Ernesto-y-Laura_laura_14-7SantaRositaLite-300x259.jpg\" alt=\"\" width=\"300\" height=\"259\" srcset=\"https:\/\/blog.richmond.edu\/dsalisbury\/files\/2008\/05\/Ernesto-y-Laura_laura_14-7SantaRositaLite-300x259.jpg 300w, https:\/\/blog.richmond.edu\/dsalisbury\/files\/2008\/05\/Ernesto-y-Laura_laura_14-7SantaRositaLite-1024x886.jpg 1024w\" sizes=\"auto, (max-width: 300px) 100vw, 300px\" \/><\/a>At left, Laura Major (IS 2010) with a Shipibo Conibo family in the Peruvian Amazon.\u00a0 Laura, Fritz\u00a0 Hoogakker (Geography 2010), and Leigh Ann West (Geography\/IS) conducted research in a Shipibo Conibo community in the Peruvian Amazon.\u00a0 Their research foci were Palm, Fisheries, and Homegarden Management.<\/p>\n","protected":false},"excerpt":{"rendered":"<p>Caroline Dougherty (Geography Major, 2015) receives a traditional face painting from a Huni Kuin in a village in the Alto Purus, Ucayali, Peru.\u00a0 Caroline worked to understand\u00a0their perception of\u00a0the environmental and social impacts of roads. Student research with Dr. Salisbury &hellip; <a href=\"https:\/\/blog.richmond.edu\/dsalisbury\/about\/\">Continue reading <span class=\"meta-nav\">&rarr;<\/span><\/a><\/p>\n","protected":false},"author":312,"featured_media":0,"parent":0,"menu_order":1,"comment_status":"closed","ping_status":"closed","template":"","meta":{"footnotes":""},"class_list":["post-2","page","type-page","status-publish","hentry"],"_links":{"self":[{"href":"https:\/\/blog.richmond.edu\/dsalisbury\/wp-json\/wp\/v2\/pages\/2","targetHints":{"allow":["GET"]}}],"collection":[{"href":"https:\/\/blog.richmond.edu\/dsalisbury\/wp-json\/wp\/v2\/pages"}],"about":[{"href":"https:\/\/blog.richmond.edu\/dsalisbury\/wp-json\/wp\/v2\/types\/page"}],"author":[{"embeddable":true,"href":"https:\/\/blog.richmond.edu\/dsalisbury\/wp-json\/wp\/v2\/users\/312"}],"replies":[{"embeddable":true,"href":"https:\/\/blog.richmond.edu\/dsalisbury\/wp-json\/wp\/v2\/comments?post=2"}],"version-history":[{"count":11,"href":"https:\/\/blog.richmond.edu\/dsalisbury\/wp-json\/wp\/v2\/pages\/2\/revisions"}],"predecessor-version":[{"id":574,"href":"https:\/\/blog.richmond.edu\/dsalisbury\/wp-json\/wp\/v2\/pages\/2\/revisions\/574"}],"wp:attachment":[{"href":"https:\/\/blog.richmond.edu\/dsalisbury\/wp-json\/wp\/v2\/media?parent=2"}],"curies":[{"name":"wp","href":"https:\/\/api.w.org\/{rel}","templated":true}]}}