{"id":405,"date":"2020-12-10T00:34:03","date_gmt":"2020-12-10T05:34:03","guid":{"rendered":"http:\/\/blog.richmond.edu\/clarice-lispector\/?page_id=405"},"modified":"2020-12-10T00:52:01","modified_gmt":"2020-12-10T05:52:01","slug":"traductorxs","status":"publish","type":"page","link":"https:\/\/blog.richmond.edu\/clarice-lispector\/traductorxs\/","title":{"rendered":"Traductorxs"},"content":{"rendered":"<p style=\"text-align: left;\">Hayde\u00e9 Jofre Barroso<\/p>\n<p style=\"text-align: left;\">Juan Garc\u00eda Gayo<\/p>\n<p style=\"text-align: left;\">Cristina Peri Rossi<\/p>\n<p style=\"text-align: left;\">Florencia Garramu\u00f1o<\/p>\n<p style=\"text-align: left;\">Mario C\u00e1mara<\/p>\n<p style=\"text-align: left;\">Magdalena Edwards<\/p>\n<p style=\"text-align: left;\">Paloma Vidal<\/p>\n<p style=\"text-align: left;\">Rosario Hubert<\/p>\n<p style=\"text-align: left;\">Gonzalo Aguilar<\/p>\n<p style=\"text-align: left;\">B\u00e1rbara Belloc<\/p>\n<p style=\"text-align: left;\">Teresa Arij\u00f3n<\/p>\n<p style=\"text-align: left;\">Marcelo Cohen<\/p>\n<p style=\"text-align: left;\">Claudia Solans<\/p>\n<p style=\"text-align: left;\">Amalia Sato<\/p>\n<p style=\"text-align: left;\">\n","protected":false},"excerpt":{"rendered":"<p>Hayde\u00e9 Jofre Barroso Juan Garc\u00eda Gayo Cristina Peri Rossi Florencia Garramu\u00f1o Mario C\u00e1mara Magdalena Edwards Paloma Vidal Rosario Hubert Gonzalo Aguilar B\u00e1rbara Belloc Teresa Arij\u00f3n Marcelo Cohen Claudia Solans Amalia Sato<\/p>\n","protected":false},"author":3560,"featured_media":0,"parent":0,"menu_order":0,"comment_status":"closed","ping_status":"closed","template":"","meta":{"footnotes":""},"coauthors":[163343],"class_list":["post-405","page","type-page","status-publish","hentry"],"_links":{"self":[{"href":"https:\/\/blog.richmond.edu\/clarice-lispector\/wp-json\/wp\/v2\/pages\/405","targetHints":{"allow":["GET"]}}],"collection":[{"href":"https:\/\/blog.richmond.edu\/clarice-lispector\/wp-json\/wp\/v2\/pages"}],"about":[{"href":"https:\/\/blog.richmond.edu\/clarice-lispector\/wp-json\/wp\/v2\/types\/page"}],"author":[{"embeddable":true,"href":"https:\/\/blog.richmond.edu\/clarice-lispector\/wp-json\/wp\/v2\/users\/3560"}],"replies":[{"embeddable":true,"href":"https:\/\/blog.richmond.edu\/clarice-lispector\/wp-json\/wp\/v2\/comments?post=405"}],"version-history":[{"count":4,"href":"https:\/\/blog.richmond.edu\/clarice-lispector\/wp-json\/wp\/v2\/pages\/405\/revisions"}],"predecessor-version":[{"id":430,"href":"https:\/\/blog.richmond.edu\/clarice-lispector\/wp-json\/wp\/v2\/pages\/405\/revisions\/430"}],"wp:attachment":[{"href":"https:\/\/blog.richmond.edu\/clarice-lispector\/wp-json\/wp\/v2\/media?parent=405"}],"wp:term":[{"taxonomy":"author","embeddable":true,"href":"https:\/\/blog.richmond.edu\/clarice-lispector\/wp-json\/wp\/v2\/coauthors?post=405"}],"curies":[{"name":"wp","href":"https:\/\/api.w.org\/{rel}","templated":true}]}}