{"id":206,"date":"2020-12-07T17:31:41","date_gmt":"2020-12-07T22:31:41","guid":{"rendered":"http:\/\/blog.richmond.edu\/clarice-lispector\/?page_id=206"},"modified":"2020-12-10T00:48:15","modified_gmt":"2020-12-10T05:48:15","slug":"maragara-russotto","status":"publish","type":"page","link":"https:\/\/blog.richmond.edu\/clarice-lispector\/maragara-russotto\/","title":{"rendered":"Margara Russotto"},"content":{"rendered":"<p><span style=\"font-weight: 400;\"><img loading=\"lazy\" decoding=\"async\" class=\" wp-image-207 alignleft\" src=\"http:\/\/blog.richmond.edu\/clarice-lispector\/files\/2020\/12\/margara-300x300.jpeg\" alt=\"\" width=\"348\" height=\"348\" srcset=\"https:\/\/blog.richmond.edu\/clarice-lispector\/files\/2020\/12\/margara-300x300.jpeg 300w, https:\/\/blog.richmond.edu\/clarice-lispector\/files\/2020\/12\/margara-150x150.jpeg 150w, https:\/\/blog.richmond.edu\/clarice-lispector\/files\/2020\/12\/margara-768x768.jpeg 768w, https:\/\/blog.richmond.edu\/clarice-lispector\/files\/2020\/12\/margara-1024x1024.jpeg 1024w, https:\/\/blog.richmond.edu\/clarice-lispector\/files\/2020\/12\/margara-250x250.jpeg 250w, https:\/\/blog.richmond.edu\/clarice-lispector\/files\/2020\/12\/margara-174x174.jpeg 174w\" sizes=\"auto, (max-width: 348px) 100vw, 348px\" \/><\/span><\/p>\n<p><span style=\"font-weight: 400;\">Margara Russotto es poeta, traductora y catedr\u00e1tica venezolana nacida en Italia. Egresada de la Escuela de Letras de la Universidad Central de Venezuela, donde tambi\u00e9n fue profesora de Literatura Latinoamericana Comparada (Brasil\/ Hispanoam\u00e9rica\/Caribe) con enfoques interdisciplinarios. Obtuvo el Doctorado en Teor\u00eda Literaria y Literatura Comparada por la Universidad de S\u00e3o Paulo. Traductora de po<\/span>es\u00eda y ensayo de autores italianos y brasile\u00f1os (Ungaretti, Magri, Meirelles, Candido). Ha publicado numerosos estudios cr\u00edticos y libros de poes\u00eda. Ha recibido reconocimientos tanto en poes\u00eda como en investigaci\u00f3n literaria, incluyendo el Premio Ramos Sucre por su poemario <i>\u00c9pica m\u00ednima <\/i>(1996), una beca Fulbright en 1998, el \u201cPremio Montserrat Ord\u00f3\u00f1ez\u201d de LASA (Latin American Studies Association) en 2007 y una beca como escritora en residencia por la Ledig-Rowohlt Foundation, Suiza, en 2010.\u00a0 Actualmente es profesora de Literatura y Cultura Latinoamericana en la Universidad de Massachusetts\/Amherst (USA). Algunas publicaciones: <i>Sustentaci\u00f3n del enigma; Cuatro ensayos sobre Clarice Lispector <\/i>(Madrid, 2013); <i>Laboratorio lombrosiano <\/i>(poes\u00eda sobre esculturas de Rom\u00e1n Hern\u00e1ndez, Firenze, 2012). <i>Tundra <\/i>(poes\u00eda biling\u00fce espa\u00f1ol-italiano-ingl\u00e9s, Firenze, 2013).<\/p>\n","protected":false},"excerpt":{"rendered":"<p>Margara Russotto es poeta, traductora y catedr\u00e1tica venezolana nacida en Italia. Egresada de la Escuela de Letras de la Universidad Central de Venezuela, donde tambi\u00e9n fue profesora de Literatura Latinoamericana Comparada (Brasil\/ Hispanoam\u00e9rica\/Caribe) con enfoques interdisciplinarios. Obtuvo el Doctorado en Teor\u00eda Literaria y Literatura Comparada por la Universidad de S\u00e3o Paulo. Traductora de poes\u00eda y <a href=\"https:\/\/blog.richmond.edu\/clarice-lispector\/maragara-russotto\/\" rel=\"nofollow\"><span class=\"sr-only\">Read more about Margara Russotto<\/span>[&#8230;]<\/a><\/p>\n","protected":false},"author":3560,"featured_media":0,"parent":0,"menu_order":0,"comment_status":"closed","ping_status":"closed","template":"","meta":{"footnotes":""},"coauthors":[163343],"class_list":["post-206","page","type-page","status-publish","hentry"],"_links":{"self":[{"href":"https:\/\/blog.richmond.edu\/clarice-lispector\/wp-json\/wp\/v2\/pages\/206","targetHints":{"allow":["GET"]}}],"collection":[{"href":"https:\/\/blog.richmond.edu\/clarice-lispector\/wp-json\/wp\/v2\/pages"}],"about":[{"href":"https:\/\/blog.richmond.edu\/clarice-lispector\/wp-json\/wp\/v2\/types\/page"}],"author":[{"embeddable":true,"href":"https:\/\/blog.richmond.edu\/clarice-lispector\/wp-json\/wp\/v2\/users\/3560"}],"replies":[{"embeddable":true,"href":"https:\/\/blog.richmond.edu\/clarice-lispector\/wp-json\/wp\/v2\/comments?post=206"}],"version-history":[{"count":4,"href":"https:\/\/blog.richmond.edu\/clarice-lispector\/wp-json\/wp\/v2\/pages\/206\/revisions"}],"predecessor-version":[{"id":426,"href":"https:\/\/blog.richmond.edu\/clarice-lispector\/wp-json\/wp\/v2\/pages\/206\/revisions\/426"}],"wp:attachment":[{"href":"https:\/\/blog.richmond.edu\/clarice-lispector\/wp-json\/wp\/v2\/media?parent=206"}],"wp:term":[{"taxonomy":"author","embeddable":true,"href":"https:\/\/blog.richmond.edu\/clarice-lispector\/wp-json\/wp\/v2\/coauthors?post=206"}],"curies":[{"name":"wp","href":"https:\/\/api.w.org\/{rel}","templated":true}]}}