{"id":177,"date":"2020-12-07T17:13:07","date_gmt":"2020-12-07T22:13:07","guid":{"rendered":"http:\/\/blog.richmond.edu\/clarice-lispector\/?page_id=177"},"modified":"2020-12-10T00:44:27","modified_gmt":"2020-12-10T05:44:27","slug":"laura-perez","status":"publish","type":"page","link":"https:\/\/blog.richmond.edu\/clarice-lispector\/laura-perez\/","title":{"rendered":"Laura Cabezas"},"content":{"rendered":"<p><img loading=\"lazy\" decoding=\"async\" class=\" wp-image-188 alignleft\" src=\"http:\/\/blog.richmond.edu\/clarice-lispector\/files\/2020\/12\/laura--300x300.jpeg\" alt=\"\" width=\"294\" height=\"294\" srcset=\"https:\/\/blog.richmond.edu\/clarice-lispector\/files\/2020\/12\/laura--300x300.jpeg 300w, https:\/\/blog.richmond.edu\/clarice-lispector\/files\/2020\/12\/laura--150x150.jpeg 150w, https:\/\/blog.richmond.edu\/clarice-lispector\/files\/2020\/12\/laura--768x768.jpeg 768w, https:\/\/blog.richmond.edu\/clarice-lispector\/files\/2020\/12\/laura--1024x1024.jpeg 1024w, https:\/\/blog.richmond.edu\/clarice-lispector\/files\/2020\/12\/laura--250x250.jpeg 250w, https:\/\/blog.richmond.edu\/clarice-lispector\/files\/2020\/12\/laura--174x174.jpeg 174w\" sizes=\"auto, (max-width: 294px) 100vw, 294px\" \/><\/p>\n<p>&nbsp;<\/p>\n<p><span style=\"font-weight: 400;\">Naci\u00f3 en Argentina. Es Doctora en Letras por la Universidad de Buenos Aires, profesora y licenciada en Letras por la misma universidad. Se desempe\u00f1a como docente en la c\u00e1tedra de Literatura Brasile\u00f1a en la carrera de Letras (UBA) y en Teor\u00eda y An\u00e1lisis Literario (IES \u2013 Lenguas Vivas). Actualmente es becaria posdoctoral del Consejo Nacional de Investigaciones Cient\u00edficas y T\u00e9cnicas (CONICET). Sus temas de investigaci\u00f3n comprenden la literatura brasile\u00f1a y argentina del siglo XX, los debates culturales y las redes intelectuales, en relaci\u00f3n con las cuestiones religiosas y de g\u00e9nero. Ha realizado estancias de investigaci\u00f3n en Berlin (IAI) y en Brasil (UFSC, UNICAMP). Ha participado de los libros <em>\u00bfPor qu\u00e9 Brasil, qu\u00e9 Brasil? Recorridos cr\u00edticos<\/em> y <em>Fuera del canon: escrituras exc\u00e9ntricas de Am\u00e9rica Latina<\/em>; y ha publicado en revistas especializadas nacionales e internacionales.<\/span><\/p>\n<p>&nbsp;<\/p>\n","protected":false},"excerpt":{"rendered":"<p>&nbsp; Naci\u00f3 en Argentina. Es Doctora en Letras por la Universidad de Buenos Aires, profesora y licenciada en Letras por la misma universidad. Se desempe\u00f1a como docente en la c\u00e1tedra de Literatura Brasile\u00f1a en la carrera de Letras (UBA) y en Teor\u00eda y An\u00e1lisis Literario (IES \u2013 Lenguas Vivas). Actualmente es becaria posdoctoral del Consejo <a href=\"https:\/\/blog.richmond.edu\/clarice-lispector\/laura-perez\/\" rel=\"nofollow\"><span class=\"sr-only\">Read more about Laura Cabezas<\/span>[&#8230;]<\/a><\/p>\n","protected":false},"author":3560,"featured_media":0,"parent":0,"menu_order":0,"comment_status":"closed","ping_status":"closed","template":"","meta":{"footnotes":""},"coauthors":[163343],"class_list":["post-177","page","type-page","status-publish","hentry"],"_links":{"self":[{"href":"https:\/\/blog.richmond.edu\/clarice-lispector\/wp-json\/wp\/v2\/pages\/177","targetHints":{"allow":["GET"]}}],"collection":[{"href":"https:\/\/blog.richmond.edu\/clarice-lispector\/wp-json\/wp\/v2\/pages"}],"about":[{"href":"https:\/\/blog.richmond.edu\/clarice-lispector\/wp-json\/wp\/v2\/types\/page"}],"author":[{"embeddable":true,"href":"https:\/\/blog.richmond.edu\/clarice-lispector\/wp-json\/wp\/v2\/users\/3560"}],"replies":[{"embeddable":true,"href":"https:\/\/blog.richmond.edu\/clarice-lispector\/wp-json\/wp\/v2\/comments?post=177"}],"version-history":[{"count":7,"href":"https:\/\/blog.richmond.edu\/clarice-lispector\/wp-json\/wp\/v2\/pages\/177\/revisions"}],"predecessor-version":[{"id":422,"href":"https:\/\/blog.richmond.edu\/clarice-lispector\/wp-json\/wp\/v2\/pages\/177\/revisions\/422"}],"wp:attachment":[{"href":"https:\/\/blog.richmond.edu\/clarice-lispector\/wp-json\/wp\/v2\/media?parent=177"}],"wp:term":[{"taxonomy":"author","embeddable":true,"href":"https:\/\/blog.richmond.edu\/clarice-lispector\/wp-json\/wp\/v2\/coauthors?post=177"}],"curies":[{"name":"wp","href":"https:\/\/api.w.org\/{rel}","templated":true}]}}